{"id":481,"date":"2018-09-11T15:37:15","date_gmt":"2018-09-11T13:37:15","guid":{"rendered":"https:\/\/www.forsane.com\/formation2018\/?page_id=481"},"modified":"2023-07-18T16:44:47","modified_gmt":"2023-07-18T14:44:47","slug":"sonia-berteau","status":"publish","type":"page","link":"https:\/\/www.forsane.com\/formation\/sonia-berteau\/","title":{"rendered":"Sonia Berteau"},"content":{"rendered":"<p>[et_pb_section fb_built=\u00a0\u00bb1&Prime; _builder_version=\u00a0\u00bb4.16&Prime; global_colors_info=\u00a0\u00bb{}\u00a0\u00bb][et_pb_row column_structure=\u00a0\u00bb1_3,1_3,1_3&Prime; _builder_version=\u00a0\u00bb4.16&Prime; background_size=\u00a0\u00bbinitial\u00a0\u00bb background_position=\u00a0\u00bbtop_left\u00a0\u00bb background_repeat=\u00a0\u00bbrepeat\u00a0\u00bb global_colors_info=\u00a0\u00bb{}\u00a0\u00bb][et_pb_column type=\u00a0\u00bb1_3&Prime; _builder_version=\u00a0\u00bb4.16&Prime; custom_padding=\u00a0\u00bb|||\u00a0\u00bb global_colors_info=\u00a0\u00bb{}\u00a0\u00bb custom_padding__hover=\u00a0\u00bb|||\u00a0\u00bb][et_pb_team_member name=\u00a0\u00bbSonia Berteau\u00a0\u00bb position=\u00a0\u00bbDirigeante &#8211; Formatrice logiciel adobe\u00a0\u00bb image_url=\u00a0\u00bbhttps:\/\/www.forsane.com\/formation\/wp-content\/uploads\/2023\/07\/SoniaBerteau.png\u00a0\u00bb admin_label=\u00a0\u00bbSonia Berteau\u00a0\u00bb _builder_version=\u00a0\u00bb4.21.0&Prime; text_orientation=\u00a0\u00bbcenter\u00a0\u00bb hover_enabled=\u00a0\u00bb0&Prime; global_colors_info=\u00a0\u00bb{}\u00a0\u00bb title_text=\u00a0\u00bbSoniaBerteau\u00a0\u00bb sticky_enabled=\u00a0\u00bb0&Prime;][\/et_pb_team_member][\/et_pb_column][et_pb_column type=\u00a0\u00bb1_3&Prime; _builder_version=\u00a0\u00bb4.16&Prime; custom_padding=\u00a0\u00bb|||\u00a0\u00bb global_colors_info=\u00a0\u00bb{}\u00a0\u00bb custom_padding__hover=\u00a0\u00bb|||\u00a0\u00bb][et_pb_text _builder_version=\u00a0\u00bb4.16&Prime; global_colors_info=\u00a0\u00bb{}\u00a0\u00bb]<\/p>\n<div class=\"wpb_column vc_column_container vc_col-sm-4\">\n<div class=\"vc_column-inner \">\n<div class=\"wpb_wrapper\">\n<div class=\"vc_custom_heading no_stripe remove_padding vc_custom_1475853283525 text_align_left\">\n<h6>P\u00f4les de comp\u00e9tences<\/h6>\n<\/div>\n<div class=\"wpb_text_column wpb_content_element \">\n<div class=\"wpb_wrapper\">\n<ul>\n<li>Conception et cr\u00e9ation d\u2019identit\u00e9 visuelle<\/li>\n<li>Conception et cr\u00e9ation de supports de communication<\/li>\n<li>Conception et cr\u00e9ation de catalogues, brochures et rapports annuels<\/li>\n<li>Cr\u00e9ation et d\u00e9veloppement de sites Internet<\/li>\n<li>Maintenance de sites Internet<\/li>\n<li>Cr\u00e9ation et d\u00e9veloppement de logiciels<\/li>\n<li>Recherche et gestion des relations avec les fournisseurs (imprimeurs, h\u00e9bergeur, prestataires)<\/li>\n<li><a href=\"https:\/\/www.forsane.com\/CV\/CVSB.pdf\" target=\"_blank\" rel=\"noopener noreferrer\">Visualiser le CV<\/a><\/li>\n<\/ul>\n<\/div>\n<\/div>\n<\/div>\n<\/div>\n<\/div>\n<p>[\/et_pb_text][\/et_pb_column][et_pb_column type=\u00a0\u00bb1_3&Prime; _builder_version=\u00a0\u00bb4.16&Prime; custom_padding=\u00a0\u00bb|||\u00a0\u00bb global_colors_info=\u00a0\u00bb{}\u00a0\u00bb custom_padding__hover=\u00a0\u00bb|||\u00a0\u00bb][et_pb_text _builder_version=\u00a0\u00bb4.16&Prime; global_colors_info=\u00a0\u00bb{}\u00a0\u00bb]<\/p>\n<div class=\"wpb_column vc_column_container vc_col-sm-4\">\n<div class=\"vc_column-inner \">\n<div class=\"wpb_wrapper\">\n<div class=\"vc_custom_heading no_stripe remove_padding vc_custom_1475853330604 text_align_left\">\n<h6>Formation et titres<\/h6>\n<\/div>\n<div class=\"wpb_text_column wpb_content_element \">\n<div class=\"wpb_wrapper\">\n<ul>\n<li>Licence professionnelle CIM \u00ab Communication, Informatique, Multim\u00e9dia \u00bb \u2013<br \/>\nUniversit\u00e9 Paris XIII \u2013 2007<\/li>\n<li>Formation enn\u00e9agramme<\/li>\n<li>Formation de formateur<\/li>\n<li>BTS Communication visuelle \u2013 LISAA Nantes \u2013 2006<\/li>\n<\/ul>\n<\/div>\n<\/div>\n<\/div>\n<\/div>\n<\/div>\n<p>[\/et_pb_text][\/et_pb_column][\/et_pb_row][et_pb_row _builder_version=\u00a0\u00bb4.16&Prime; background_size=\u00a0\u00bbinitial\u00a0\u00bb background_position=\u00a0\u00bbtop_left\u00a0\u00bb background_repeat=\u00a0\u00bbrepeat\u00a0\u00bb global_colors_info=\u00a0\u00bb{}\u00a0\u00bb][et_pb_column type=\u00a0\u00bb4_4&Prime; _builder_version=\u00a0\u00bb4.16&Prime; custom_padding=\u00a0\u00bb|||\u00a0\u00bb global_colors_info=\u00a0\u00bb{}\u00a0\u00bb custom_padding__hover=\u00a0\u00bb|||\u00a0\u00bb][et_pb_text _builder_version=\u00a0\u00bb4.16&Prime; text_text_color=\u00a0\u00bb#1D292F\u00a0\u00bb global_colors_info=\u00a0\u00bb{}\u00a0\u00bb]<\/p>\n<p><span style=\"color: #333333;\">Dipl\u00f4m\u00e9e d\u2019une licence professionnelle Communication, Informatique et Multim\u00e9dia, j\u2019ai int\u00e9gr\u00e9 en 2016 mon autoentreprise au sein de Forsane, organisme de formation et SARL familiale cr\u00e9\u00e9 en 2003, afin d\u2019en assurer la reprise, d\u2019en d\u00e9velopper et compl\u00e9ter l\u2019activit\u00e9 en y ajoutant mon expertise, la communication graphique.<br \/>J&rsquo;accompagne mes clients dans l&rsquo;optimisation de leur positionnement graphique, leur strat\u00e9gie de communication, la cr\u00e9ation de leurs supports imprim\u00e9s et digitaux.<br \/><\/span><span style=\"color: #333333;\">Formatrice depuis 2010 en PAO\/Webmarketing, j&rsquo;ai plaisir \u00e0 transmettre \u00e0 mes clients les comp\u00e9tences n\u00e9cessaires \u00e0 leur autonomie pour garantir une communication d&rsquo;entreprise de qualit\u00e9.<br \/>Curieuse du monde qui m\u2019entoure, je m\u00e8ne \u00e9galement une veille constante sur les nouvelles tendances, styles graphiques, supports et outils de communication.<br \/><\/span><\/p>\n<p>[\/et_pb_text][\/et_pb_column][\/et_pb_row][\/et_pb_section][et_pb_section fb_built=\u00a0\u00bb1&Prime; _builder_version=\u00a0\u00bb4.16&Prime; custom_padding=\u00a0\u00bb0|0px|0|0px|false|false\u00a0\u00bb global_colors_info=\u00a0\u00bb{}\u00a0\u00bb][et_pb_row _builder_version=\u00a0\u00bb4.16&Prime; global_colors_info=\u00a0\u00bb{}\u00a0\u00bb][et_pb_column type=\u00a0\u00bb4_4&Prime; _builder_version=\u00a0\u00bb4.16&Prime; custom_padding=\u00a0\u00bb|||\u00a0\u00bb global_colors_info=\u00a0\u00bb{}\u00a0\u00bb custom_padding__hover=\u00a0\u00bb|||\u00a0\u00bb][et_pb_button button_url=\u00a0\u00bbhttps:\/\/www.forsane.com\/formation\/nos-formations\/\u00a0\u00bb button_text=\u00a0\u00bbRetour sur la page \u00e9quipe\u00a0\u00bb button_alignment=\u00a0\u00bbcenter\u00a0\u00bb admin_label=\u00a0\u00bbBouton &#8211; Retour Equipe\u00a0\u00bb _builder_version=\u00a0\u00bb4.14.2&Prime; button_icon=\u00a0\u00bb&#xe046;||divi||400&Prime; button_icon_placement=\u00a0\u00bbleft\u00a0\u00bb button_on_hover=\u00a0\u00bboff\u00a0\u00bb custom_margin=\u00a0\u00bb-60px|||\u00a0\u00bb button_border_color_hover=\u00a0\u00bb#98539b\u00a0\u00bb button_bg_color_hover=\u00a0\u00bb#98539b\u00a0\u00bb global_module=\u00a0\u00bb1626&Prime; saved_tabs=\u00a0\u00bball\u00a0\u00bb global_colors_info=\u00a0\u00bb{}\u00a0\u00bb button_text_size__hover_enabled=\u00a0\u00bboff\u00a0\u00bb button_one_text_size__hover_enabled=\u00a0\u00bboff\u00a0\u00bb button_two_text_size__hover_enabled=\u00a0\u00bboff\u00a0\u00bb button_text_color__hover_enabled=\u00a0\u00bboff\u00a0\u00bb button_one_text_color__hover_enabled=\u00a0\u00bboff\u00a0\u00bb button_two_text_color__hover_enabled=\u00a0\u00bboff\u00a0\u00bb button_border_width__hover_enabled=\u00a0\u00bboff\u00a0\u00bb button_one_border_width__hover_enabled=\u00a0\u00bboff\u00a0\u00bb button_two_border_width__hover_enabled=\u00a0\u00bboff\u00a0\u00bb button_border_color__hover_enabled=\u00a0\u00bbon\u00a0\u00bb button_border_color__hover=\u00a0\u00bb#98539b\u00a0\u00bb button_one_border_color__hover_enabled=\u00a0\u00bboff\u00a0\u00bb button_two_border_color__hover_enabled=\u00a0\u00bboff\u00a0\u00bb button_border_radius__hover_enabled=\u00a0\u00bboff\u00a0\u00bb button_one_border_radius__hover_enabled=\u00a0\u00bboff\u00a0\u00bb button_two_border_radius__hover_enabled=\u00a0\u00bboff\u00a0\u00bb button_letter_spacing__hover_enabled=\u00a0\u00bboff\u00a0\u00bb button_one_letter_spacing__hover_enabled=\u00a0\u00bboff\u00a0\u00bb button_two_letter_spacing__hover_enabled=\u00a0\u00bboff\u00a0\u00bb button_bg_color__hover_enabled=\u00a0\u00bbon\u00a0\u00bb button_bg_color__hover=\u00a0\u00bb#98539b\u00a0\u00bb button_one_bg_color__hover_enabled=\u00a0\u00bboff\u00a0\u00bb button_two_bg_color__hover_enabled=\u00a0\u00bboff\u00a0\u00bb]<\/p>\n<p>&nbsp;<\/p>\n<p>[\/et_pb_button][\/et_pb_column][\/et_pb_row][\/et_pb_section]<\/p>\n","protected":false},"excerpt":{"rendered":"<p>P\u00f4les de comp\u00e9tences Conception et cr\u00e9ation d\u2019identit\u00e9 visuelle Conception et cr\u00e9ation de supports de communication Conception et cr\u00e9ation de catalogues, brochures et rapports annuels Cr\u00e9ation et d\u00e9veloppement de sites Internet Maintenance de sites Internet Cr\u00e9ation et d\u00e9veloppement de logiciels Recherche et gestion des relations avec les fournisseurs (imprimeurs, h\u00e9bergeur, prestataires) Visualiser le CV Formation et titres Licence professionnelle CIM \u00ab Communication, Informatique, Multim\u00e9dia \u00bb \u2013 Universit\u00e9 Paris XIII \u2013 2007 Formation enn\u00e9agramme Formation de formateur BTS Communication visuelle \u2013 LISAA Nantes \u2013 2006 Dipl\u00f4m\u00e9e d\u2019une licence professionnelle Communication, Informatique et Multim\u00e9dia, j\u2019ai int\u00e9gr\u00e9 en 2016 mon autoentreprise au sein de Forsane, organisme de formation et SARL familiale cr\u00e9\u00e9 en 2003, afin d\u2019en assurer la reprise, d\u2019en d\u00e9velopper et compl\u00e9ter l\u2019activit\u00e9 en y ajoutant mon expertise, la communication graphique.J&rsquo;accompagne mes clients dans l&rsquo;optimisation de leur positionnement graphique, leur strat\u00e9gie de communication, la cr\u00e9ation de leurs supports imprim\u00e9s et digitaux.Formatrice depuis 2010 en PAO\/Webmarketing, j&rsquo;ai plaisir \u00e0 transmettre \u00e0 mes clients les comp\u00e9tences n\u00e9cessaires \u00e0 leur autonomie pour garantir une communication d&rsquo;entreprise de qualit\u00e9.Curieuse du monde qui m\u2019entoure, je m\u00e8ne \u00e9galement une veille constante sur les nouvelles tendances, styles graphiques, supports et outils de communication.&nbsp;<\/p>\n","protected":false},"author":1,"featured_media":0,"parent":0,"menu_order":0,"comment_status":"closed","ping_status":"closed","template":"","meta":{"_et_pb_use_builder":"on","_et_pb_old_content":"","_et_gb_content_width":"","footnotes":""},"class_list":["post-481","page","type-page","status-publish","hentry"],"_links":{"self":[{"href":"https:\/\/www.forsane.com\/formation\/wp-json\/wp\/v2\/pages\/481","targetHints":{"allow":["GET"]}}],"collection":[{"href":"https:\/\/www.forsane.com\/formation\/wp-json\/wp\/v2\/pages"}],"about":[{"href":"https:\/\/www.forsane.com\/formation\/wp-json\/wp\/v2\/types\/page"}],"author":[{"embeddable":true,"href":"https:\/\/www.forsane.com\/formation\/wp-json\/wp\/v2\/users\/1"}],"replies":[{"embeddable":true,"href":"https:\/\/www.forsane.com\/formation\/wp-json\/wp\/v2\/comments?post=481"}],"version-history":[{"count":6,"href":"https:\/\/www.forsane.com\/formation\/wp-json\/wp\/v2\/pages\/481\/revisions"}],"predecessor-version":[{"id":245749,"href":"https:\/\/www.forsane.com\/formation\/wp-json\/wp\/v2\/pages\/481\/revisions\/245749"}],"wp:attachment":[{"href":"https:\/\/www.forsane.com\/formation\/wp-json\/wp\/v2\/media?parent=481"}],"curies":[{"name":"wp","href":"https:\/\/api.w.org\/{rel}","templated":true}]}}